852.
228
Calculate the greatest common divisor of 8563484 and 292.
292
Calculate the greatest common divisor of 2103579 and 423.
423
What is the greatest common divisor of 812949 and 47571?
303
What is the highest common divisor of 4 and 1314641?
1
What is the greatest common divisor of 5441475 and 2600?
325
What is the greatest common factor of 169937160 and 120?
120
Calculate the highest common factor of 712871 and 23405.
151
What is the highest common divisor of 759143 and 14?
7
What is the highest common divisor of 19000465 and 275?
55
Calculate the greatest common factor of 18428 and 537664.
1084
What is the highest common divisor of 115 and 10880915?
5
What is the highest common factor of 2064735 and 360?
45
What is the greatest common divisor of 3724 and 194044704?
196
What is the greatest common divisor of 6366679 and 3157?
11
What is the highest common divisor of 448 and 192472?
56
Calculate the highest common divisor of 687008221 and 439.
439
What is the highest common divisor of 3814734 and 8778?
462
What is the greatest common divisor of 128 and 29429824?
64
What is the highest common divisor of 833310 and 5593?
47
What is the greatest common divisor of 9691240 and 520?
520
What is the highest common divisor of 162 and 195325506?
162
Calculate the greatest common factor of 95754985 and 955.
955
Calculate the greatest common factor of 8705719 and 4480091.
7711
What is the greatest common divisor of 947978 and 5132265?
3139
Calculate the greatest common divisor of 31408 and 41392.
208
What is the highest common factor of 584540 and 913?
11
Calculate the greatest common factor of 8816 and 3197453.
551
What is the greatest common factor of 1420 and 57627860?
1420
What is the highest common divisor of 222 and 37412946?
6
Calculate the greatest common factor of 2802600 and 5760.
360
Calculate the highest common factor of 229745148 and 12.
12
What is the highest common factor of 4730 and 122790?
10
Calculate the greatest common factor of 2576 and 988816.
368
Calculate the highest common divisor of 93 and 3053810.
31
What is the greatest common divisor of 773388 and 9273?
33
Calculate the greatest common factor of 7264972 and 22.
22
Calculate the highest common factor of 1240 and 5781500.
620
What is the highest common factor of 720 and 7535340?
180
What is the greatest common factor of 2369358 and 2306934?
918
What is the highest common divisor of 738 and 128094742?
82
Calculate the highest common divisor of 119860862 and 44.
22
What is the greatest common divisor of 42 and 739132898?
14
Calculate the greatest common factor of 5324 and 6530370.
242
Calculate the greatest common factor of 814215 and 343077.
1581
Calculate the highest common divisor of 2961 and 391419.
63
Calculate the highest common factor of 616640 and 1316.
188
What is the highest common factor of 377114 and 47728?
314
Calculate the highest common factor of 44593068 and 468.
156
Calculate the greatest common factor of 1179 and 2115519.
393
Calculate the highest common factor of 22 and 69152611.
11
What is the greatest common divisor of 3906 and 517776?
42
Calculate the greatest common factor of 30 and 4617330.
30
Calculate the highest common factor of 142768 and 560.
16
What is the highest common factor of 68435874 and 1062?
18
What is the greatest common divisor of 48 and 5957968?
16
Calculate the greatest common divisor of 30398224 and 1136.
1136
What is the highest common divisor of 372150 and 150?
150
What is the highest common divisor of 1925 and 70952750?
275
What is the highest common divisor of 10395 and 19456470?
1485
What is the greatest common factor of 339001 and 68263?
1157
Calculate the highest common factor of 20118 and 13775082.
2874
What is the greatest common factor of 31468487 and 5052?
421
What is the highest common factor of 6871908 and 1884?
12
Calculate the greatest common factor of 3569640 and 2133510.
5910
What is the highest common divisor of 454 and 34795241?
227
What is the greatest common divisor of 114369 and 3977310?
1707
Calculate the highest common factor of 660 and 398690.
10
What is the greatest common factor of 168 and 27408822?
42
What is the highest common factor of 206279420 and 4975?
995
What is the greatest common factor of 360557 and 324?
1
What is the highest common factor of 290162 and 64?
2
What is the greatest common factor of 1244 and 2516923?
311
Calculate the greatest common factor of 241 and 23943109.
241
What is the greatest common factor of 869450 and 100?
50
What is the highest common divisor of 36 and 180824232?
12
What is the highest common divisor of 9102 and 72242?
82
What is the highest common factor of 381421155 and 615?
615
Calculate the highest common divisor of 528 and 390845136.
528
Calculate the greatest common divisor of 934 and 155015513.
467
What is the highest common divisor of 101887 and 74033?
733
Calculate the highest common divisor of 1701 and 11018349.
243
Calculate the highest common divisor of 531 and 21632409.
531
Calculate the highest common divisor of 5326175 and 227050.
475
What is the highest common divisor of 270438153 and 4731?
4731
What is the greatest common factor of 1284 and 2014716?
12
What is the highest common factor of 2987922 and 13426?
98
Calculate the greatest common divisor of 144472067 and 19.
19
What is the highest common factor of 108450838 and 6147?
683
Calculate the highest common factor of 33704192 and 768.
256
What is the highest common factor of 1936823 and 6728?
841
What is the greatest common divisor of 1829543 and 3649?
41
Calculate the highest common divisor of 155 and 1567081.
31
What is the greatest common divisor of 9020 and 10510?
10
What is the highest common divisor of 8626583 and 1417276?
7231
Calculate the greatest common factor of 68718 and 8359.
13
What is the greatest common factor of 1268592 and 142500?
228
Calculate the greatest common factor of 88 and 16407039.
11
What is the greatest common divisor of 5524 and 1045707010?
2762
What is the greatest common factor of 1910912 and 1664?
128
What is the highest common factor of 6111470 and 15?
5
Calculate the highest common divisor of 6956 and 29093.
47
Calculate the highest common divisor of 1474 and 3042872.
134
Calculate the greatest common factor of 396681915 and 10.
5
What is the greatest common factor of 91787643 and 1681?
1681
What is the highest common factor of 36510606 and 17072?
2134
Calculate the highest common factor of 366 and 3154812.
6
Calculate the greatest common divisor of 1660557 and 141.
141
Calculate the greatest common divisor of 56365782 and 9636.
4818
Calculate the highest common divisor of 120 and 284052696.
24
Calculate the highest common factor of 9290316 and 2660.
532
Calculate the highest common divisor of 125478002 and 1742.
1742
What is the highest common divisor of 2128230 and 214370?
2210
Calculate the greatest common divisor of 148343272 and 1309.
77
What is the greatest common divisor of 3836064 and 102?
6
What is the greatest common divisor of 85 and 18536545?
85
Calculate the greatest common factor of 18198 and 1948871.
337
Calculate the highest common factor of 4998 and 859001262.
4998
Calculate the highest common divisor of 13781706 and 6780.
678
What is the highest common divisor of 2720 and 5134068?
68
Calculate the greatest common divisor of 2717647 and 23948651.
9811
Calculate the highest common factor of 85095 and 92415.
915
What is the greatest common divisor of 5077209 and 993?
993
Calculate the greatest common factor of 7334854 and 7395.
493
Calculate the highest common factor of 105693175 and 1281.
427
What is the greatest common divisor of 556 and 7719226?
278
What is the greatest common factor of 2125667 and 19093?
61
Calculate the greatest common divisor of 600 and 5651400.
600
What is the highest common factor of 283216 and 42254?
1142
Calculate the greatest common factor of 3180855 and 2580.
15
What is the greatest common divisor of 1018895072 and 2301?
767
What is the greatest common divisor of 900 and 4440780?
180
What is the highest common factor of 10905 and 645345?
15
Calculate the highest common factor of 26564414 and 606.
202
What is the highest common divisor of 5 and 549588755?
5
What is the greatest common divisor of 28555551 and 189?
27
Wh